tive of -3*w**2/2 + w - 39. Calculate b(-4).
13
Suppose -j + 30 = -4*j + 3*b, 3*j + 3*b = 0. Let o(d) = 2*d + 1. Calculate o(j).
-9
Let y(j) be the third derivative of j**6/8 - j**5/30 + j**4/12 - j**3/6 + 32*j**2. Determine y(1).
14
Let t(f) = 728*f - 9 - 10 + 3 - 726*f. Determine t(7).
-2
Let t be (-1 - 1)*5/(-2). Suppose i - t*i - 2*g - 24 = 0, 3*g + 28 = -4*i. Let q(f) = -2*f - 1. Give q(i).
7
Suppose 4*t - 4*l + 8 = 0, -2*t + l = 3*l - 8. Let n(b) = -7*b + 1. Determine n(t).
-6
Suppose -q - 2 - 3 = 0. Let j(y) = -y**3 - 5*y**2 - 4. Determine j(q).
-4
Let h(x) be the second derivative of x**8/3360 + x**7/1260 - x**6/720 + 5*x**4/12 + 4*x. Let o(r) be the third derivative of h(r). Calculate o(-2).
-6
Let k(w) = -7*w - 1. Let j(i) = i - 27. Let z be j(24). Give k(z).
20
Suppose 0 = -2*v + 4*b - 26, b + 4*b = -5. Let w = v - -16. Let s(z) = 3*z**3 + z. Calculate s(w).
4
Suppose -c - w - 8 = -6*w, 2*c - 5*w + 6 = 0. Let x be (-3)/((0 + 4)/(-4)). Let m(q) = -2*q**2 - 7 + 2*q**3 - 2*q - q**3 + x*q - 4*q**c. Determine m(6).
-1
Let n(t) = -4*t - 1. Let f(z) = -11*z - 3. Let h(r) = 3*f(r) - 8*n(r). Give h(3).
-4
Let x(y) = 3*y - 19. Let g be x(6). Let q(v) = 5*v**2. Determine q(g).
5
Let d(k) be the third derivative of -k**4/24 - 5*k**3/6 - 2*k**2. Let y be d(-5). Let v(u) = 0*u - 3*u + 5 + 4*u. What is v(y)?
5
Let s(f) = f**3 + 9*f**2 - 11*f - 14. Let m be s(-10). Let h(y) = -2*y - 2 - 1 - 3. Calculate h(m).
2
Let i(g) = -2*g**2 - 6*g - 7. Let j(z) = z**2. Let c(r) = 2*r**2 + r + 1. Let u(m) = c(m) - j(m). Let d(h) = -i(h) - 3*u(h). Give d(5).
-6
Let w(y) = -y**3 + 8*y**2 - 5*y + 7. Let j be (-5 - -10 - -9)/(1 + 1). Determine w(j).
21
Suppose -2*q + 5*q = 24. Suppose -3*o - 4*t = -31 + q, 4*o - 12 = 4*t. Suppose 3 = -o*k - 2. Let j(z) = 5*z. Calculate j(k).
-5
Let h(q) = -q**3 - 4*q**2 - 3. Let j be (16/6)/((-22)/33). Give h(j).
-3
Let m be (2 + -1)/((-6)/30). Let u(l) = -l**3 - 5*l**2 + l. Give u(m).
-5
Let u(x) = -x**3 - x**2 + 2*x - 2. Let z = 30 + -28. Calculate u(z).
-10
Let g(i) = -4*i**2 + 8*i - 9*i + 3*i**2 + 9. What is g(0)?
9
Let p(h) = h**2 - 12*h + 11. Let z be p(11). Let u(t) = -3*t + z*t - 7*t + 0*t. Calculate u(-1).
10
Let s(g) = g**2 - 9*g + 5. Let o(m) = -2*m**3 - 3*m**2 - 2*m. Let i be o(-2). Determine s(i).
-3
Let z(t) = 0*t**2 - 1 - t**2 - 6*t - 5. Suppose 7*s - 4*s - 15 = 0. Let f = s + -10. Give z(f).
-1
Let i(q) = 7*q + 6*q - 10*q**2 - 3 - 11*q + 2. Calculate i(1).
-9
Let z(i) = -6*i + 4. Let w(l) = 2*l - 1. Let h(r) = 7*w(r) + 2*z(r). Calculate h(5).
11
Let o be 9/(108/8) - (-40)/(-6). Let c(a) = a - 3. Determine c(o).
-9
Let m(w) = -w**2 - 2*w + 2. Let n be m(-4). Let t(a) = a - 2. Let k(h) = 5*h - 9. Let r(v) = -2*k(v) + 11*t(v). Calculate r(n).
-10
Let u(m) = -m + m + m**3 - m + 2 - 9 + 8*m**2. Determine u(-8).
1
Let h(s) be the second derivative of 5*s**4/3 + 12*s. What is h(1)?
20
Let r = 27 - 23. Let y(q) = -4*q - r*q + 2*q**2 - 1 + 6*q. Calculate y(3).
11
Let c(n) = -n**3 - 5*n**2 - 4*n + 4. Let f be c(-4). Let u(b) = -5*b**2 + 6*b + 4. Let s(d) = -d**2 + d + 1. Let q(y) = f*s(y) - u(y). What is q(4)?
8
Suppose u + 3 = 2*b + 10, -5*b - 10 = 0. Let s(j) be the second derivative of -j**3/6 + 7*j**2/2 + 4*j. What is s(u)?
4
Let w(f) be the third derivative of -f**5/60 - f**4/4 - f**3 + 5*f**2. Give w(-4).
2
Suppose -22 = 6*p + 5*p. Let l(m) = -m**3 - m**2 + m - 2. Give l(p).
0
Suppose 0 = -5*x + 4*m - 0 + 2, -4 = -x - m. Let z(t) = -x*t**3 - 2 + 6*t**2 + t**3 + 0. Calculate z(6).
-2
Let o(b) = 4*b - 6*b**3 - 3*b**3 + 3 - 4*b**2 + 6*b**3 + 2*b**3. What is o(-3)?
-18
Let k(o) be the third derivative of -o**5/20 - 7*o**2. Give k(3).
-27
Let l(v) = 4*v + 8. Let k(h) = 5*h + 9. Let q(m) = -5*k(m) + 6*l(m). Determine q(3).
0
Let g(a) = 2*a - 3. Let y = 29 - 24. Determine g(y).
7
Let r(g) = g + 8. Let f(z) = z**3 + z**2 - 1. Let m be f(-2). Give r(m).
3
Suppose -5 = -5*k - 0. Let z be k*-1 + -1 + 2. Let g = -6 - z. Let o(y) = y**2 + 3*y - 8. Determine o(g).
10
Let w(l) = -4*l**2 - l - 5. Suppose -3*v - v = -24. Let p(g) = -1. Let b(j) = v*p(j) - w(j). Let t(f) = f**3 + 5*f**2 - 5*f + 7. Let q be t(-6). What is b(q)?
4
Let f(g) = 3*g + 15. Let h be f(-6). Let i(p) = 2*p**3 - p**2 - 2*p - 1. Let v(x) = x**3 - 2*x**2 - 3*x - 2. Let b(q) = -2*i(q) + 3*v(q). Determine b(h).
2
Let n = 2 - 4. Let p = -12 - -7. Let j(t) = 17*t - 2. Let f(o) = 8*o - 1. Let i(a) = p*f(a) + 2*j(a). What is i(n)?
13
Let t = -13 + 16. Let g(r) = r**3 - 7*r**2 + 7*r - 3. Let a be g(6). Let c(k) = -2*k + 0*k + a*k. Give c(t).
3
Let c(g) = -g**3 + 5*g**2 + 7. Let n = 0 - -5. Give c(n).
7
Let x(v) = -2*v + 5. Let t be (-33)/(-27) + 4/(-18). Let w(i) = -i**3 + 6*i**2 + 8*i - 3. Let d be w(7). Let g = d + t. Determine x(g).
-5
Let q(l) be the third derivative of 0 - 1/24*l**4 - l**2 + 0*l + 1/3*l**3. Give q(-2).
4
Suppose 3 = 5*v - 7. Suppose -3*y = -8 + v. Let a(p) = -3*p**2 + 2*p + 2. Give a(y).
-6
Let j be -1 + (-2)/(-5 - -3). Let a(k) = -4*k + 3 - k**3 + j*k + 6*k**2 - 2*k**2 + 0*k**2. Give a(3).
0
Let a(i) be the second derivative of -i**4/12 + i**3/2 - i**2/2 + 3*i. Let t(v) = -2*v - 8. Let l be t(-6). Calculate a(l).
-5
Let l(x) = 2*x. Let m be 5 + (-2)/(-6)*-3. Determine l(m).
8
Let x(h) = -2*h**2 - 2*h + 1. Let g be (-24)/(-10) + (-2)/5. Suppose -g*f = -1 - 9. Suppose -2*q = -3*n - 3, f*q = 2*n - 4*n + 17. Calculate x(n).
-3
Let q(j) be the first derivative of -j**3/3 - j**2/2 - 4. Let l be q(-2). Let v be (2 + 0)*1 + l. Let x(d) = d**3 - d**2 - 8. Give x(v).
-8
Let v(b) = b - 3. Let d = -11 - -9. Let c be (-6)/d + (-3)/(-1). Calculate v(c).
3
Let g(w) = -3 - 3*w - 3 + 2*w**2 + 8. Let u be g(2). Let b(i) = -9*i**2 - 8*i + 7. Let r(z) = -5*z**2 - 4*z + 4. Let n(c) = -6*b(c) + 11*r(c). Determine n(u).
2
Let k(i) = -2*i**2 - 3*i + 3. Let h = -7 - -5. Let o be (-1 + -1)*(-3)/h. What is k(o)?
-6
Let n(d) = -d**3 - 4*d**2 - 1. Let l(m) = m**3 + m**2 - m. Let i(h) = -2*l(h) - n(h). Determine i(-1).
2
Let z(n) = n**3 + n**2 - 7*n - 1. Let x be z(-3). Let d(s) = 2*s. Calculate d(x).
4
Let g(z) = z**3 + 5*z**2 + 5*z + 2. Let l be (2/(-4))/(3/30). Let a = l + 1. Give g(a).
-2
Let t(b) = -4*b**2 + 3*b**2 + 15 - 9*b - 21. What is t(-6)?
12
Let y be (9 - -1)/(0 + 2). Let x(a) be the first derivative of -a**2/2 + 4*a - 14. Calculate x(y).
-1
Suppose z + z + 2 = 0, -3*r - 4*z = -2. Suppose -a - 1 = -3*d + 2*d, r*d = -5*a + 2. Suppose 2*n = -a*n. Let x(f) = f**3 + f**2 + f + 1. Determine x(n).
1
Let g be 9/12 - 51/(-12). Suppose 4*t - 11 = 5*u, -t + g*t + 19 = -5*u. Let h(y) = y**2 + 2*y - 4. Determine h(u).
-1
Let k(c) be the third derivative of -c**7/840 - c**6/180 + c**5/120 - c**4/8 - 5*c**3/6 - 8*c**2. Let j(d) be the first derivative of k(d). What is j(-3)?
3
Let r(z) = 2*z**3 - 25*z**2 + 25*z - 11. Let h(t) = t**3 - 12*t**2 + 12*t - 5. Let l(g) = 13*h(g) - 6*r(g). Determine l(5).
6
Let a(k) = 2*k**3 + 2*k**2 - 2*k - 2. Suppose 0 - 9 = -3*m. Suppose -2 + 20 = 2*o. Suppose -3 = -m*r - o. What is a(r)?
-6
Let y(n) be the third derivative of 7/60*n**5 + n**2 + 1/120*n**6 - 1/3*n**3 + 0 + 0*n + 1/4*n**4. Determine y(-6).
-2
Let a(y) = 1 - 2*y + y + 5 - 1. Let r be a(0). Let j(o) be the third derivative of -o**5/60 + 5*o**4/24 + 5*o**3/6 + o**2. Calculate j(r).
5
Let t(n) be the second derivative of 0 - 1/12*n**4 + 1/2*n**2 + 2*n + 0*n**3. Let m(c) = -c**2 + 4*c. Let f be m(4). Determine t(f).
1
Let z be (1/2 + -1)*2. Let v(o) = -2 + 12*o + 7 - 8*o. Let n(b) = 11*b + 14. Let j(t) = -6*n(t) + 17*v(t). What is j(z)?
-1
Suppose -2*x = -0*x. Let w(l) = l**2 - l - 7. Give w(x).
-7
Suppose 2*n = 4*x, 0*x = 4*n - 2*x - 6. Let o(r) = 2*r + r**2 - 3 - 3 + n + 0. Suppose -8*w + 15 = -13*w. Determine o(w).
-1
Let g be 0 - (1 - 2 - -1). Let o(y) be the second derivative of -y**3/6 - 7*y**2/2 - y. Calculate o(g).
-7
Let o(u) = 2 - 3*u + u - 5. Let c = 108 - 111. Give o(c).
3
Let s(b) = -b**2 - 7*b - 1. Let k be s(-6). Let a(h) = -3 - 2 + 3 + k*h. Calculate a(2).
8
Let x = -3 - -2. Suppose 0 = 6*i - 7*i + 2. Let w(g) = -i*g - 2 - 6*g**3 - g**2 + 1 - g**3. Give w(x).
7
Let j(p) = p**3 - 3*p**2 - 4*p - 3. Let i(w) = 4*w + 10. Let q be i(-3). Calculate j(q).
-15
Let o = 130 + -133. Let i(m) = -4 + 0*m - 2*m + 3*m. Determine i(o).
-7
Let n(i) be the second derivative of i**3/6 + 3*